{"id":43952,"date":"2020-05-20T15:02:46","date_gmt":"2020-05-20T15:02:46","guid":{"rendered":"http:\/\/arhivacomisiuniimonumentelor.ro\/?page_id=43952"},"modified":"2020-06-17T06:50:44","modified_gmt":"2020-06-17T06:50:44","slug":"galati-expozitia-back-up-valorificarea-arhivei-istorice-a-comisiunii-monumentelor-istorice-la-sediul-centrului-multicultural-dunarea-de-jos","status":"publish","type":"page","link":"http:\/\/arhivacomisiuniimonumentelor.ro\/?page_id=43952","title":{"rendered":"Gala\u021bi: expozi\u021bia Back Up &#8211; Valorificarea arhivei istorice a Comisiunii Monumentelor Istorice, la sediul Centrului Multicultural \u201eDun\u0103rea de Jos\u201d"},"content":{"rendered":"<p><strong>Back up &#8211; Valorificarea arhivei istorice a Comisiunii Monumentelor Istorice<\/strong><\/p>\n<p>Institutul Na\u021bional al Patrimoniului a ini\u021biat un proiect multianual, cofinan\u021bat de AFCN, ce are ca scop conservarea, protejarea \u0219i valorificarea uneia dintre cele mai importante arhive istorice din Rom\u00e2nia, arhiva Comisiunii Monumentelor Istorice.<\/p>\n<p>In parteneriat cu Muzeul de Istorie \u201ePaul P\u0103lt\u0103nea\u201d din Gala\u021bi, \u00een data de 18 decembrie 2019, ora 12, va avea loc vernisarea expozi\u021biei <strong><em>Back Up &#8211; Valorificarea arhivei istorice a Comisiunii Monumentelor Istorice, la sediul Centrului Multicultural \u201eDun\u0103rea de Jos\u201d, <\/em><\/strong>Str. Domneasc\u0103 nr. 61.<strong><em> Expozi\u021bia va fi deschis\u0103 p\u00e2n\u0103 \u00een data de 12 ianuarie 2020. <\/em><\/strong><\/p>\n<p>Expozi\u021bia cuprinde 12 panouri foto-documentare ce reflect\u0103 activitatea prodigioas\u0103 a reprezentan\u021bilor Comisiunii Monumentelor Istorice \u0219i a problemelor discutate de ace\u0219tia.<\/p>\n<p>De-a lungul celor 55 de ani de existen\u021b\u0103 (1892-1948), Comisiunea Monumentelor Istorice, a adunat o arhiv\u0103 ce reprezint\u0103 un uria\u0219 depozit de informa\u021bii istorice, studii istorice, devize, relevee, planuri, discu\u021bii, decizii, ce sunt con\u021binute \u00een aceste dosare, referitoare la problemele de restaurare, conservare \u0219i punere \u00een valoare a monumentelor istorice.<\/p>\n<p>Din problematica variat\u0103 a Comisiunii Monumentelor Istorice, am ales s\u0103 ilustr\u0103m activitatea prodigioas\u0103 a Pre\u0219edin\u021bilor acesteia, precum \u0219i a unora dintre membrii marcan\u021bi, a discu\u021biilor purtate, a punctelor de vedere exprimate, precum \u0219i a problemelor pe care le-au avut de \u00eenfruntat.<\/p>\n<p>Printre rezultatele acestui proiect se pot enumera scanarea \u0219i digitizarea a 20.000 de documente ce apar\u021bin arhivei Comisiunii Monumentelor Istorice, precum \u0219i a 5000 de fotografii din fototeca Institutului Na\u021bional al Patrimoniului.<\/p>\n<p>\u00cen afara rezultatelor tehnice ale proiectului, cea mai important\u0103 realizare este salvarea \u0219i p\u0103strarea acestei arhive, \u00een condi\u021bii de siguran\u021b\u0103 maxime \u0219i p\u0103strarea unor copii digitizate \u00een condi\u021bii optime, sigure. Enorma bog\u0103\u021bie informa\u021bional\u0103 existent\u0103 va putea fi punctul de plecare al unor teme de cercetare variate, pornind de la problemele stringente ale restaur\u0103rii, p\u00e2n\u0103 la cele legate de tehnici \u0219i de materiale de construc\u021bie, la solu\u021bii legate de restaur\u0103ri, de consolid\u0103ri, de \u00eentreaga problematic\u0103 a monumentelor istorice.<\/p>\n<p>Manager de proiect,<\/p>\n<p>Daniela Mihai<\/p>\n<div id='gallery-1' class='gallery galleryid-43952 gallery-columns-3 gallery-size-thumbnail'><figure class='gallery-item'>\n\t\t\t<div class='gallery-icon portrait'>\n\t\t\t\t<a href='http:\/\/arhivacomisiuniimonumentelor.ro\/?attachment_id=66805'><img loading=\"lazy\" decoding=\"async\" width=\"150\" height=\"150\" src=\"http:\/\/arhivacomisiuniimonumentelor.ro\/wp-content\/uploads\/2020\/06\/Afis_Galati-18dec-150x150.jpg\" class=\"attachment-thumbnail size-thumbnail\" alt=\"\" \/><\/a>\n\t\t\t<\/div><\/figure><figure class='gallery-item'>\n\t\t\t<div class='gallery-icon landscape'>\n\t\t\t\t<a href='http:\/\/arhivacomisiuniimonumentelor.ro\/?attachment_id=66798'><img loading=\"lazy\" decoding=\"async\" width=\"150\" height=\"150\" src=\"http:\/\/arhivacomisiuniimonumentelor.ro\/wp-content\/uploads\/2020\/06\/x79816823_2575931799161716_7198946340120821760_o-150x150.jpg\" class=\"attachment-thumbnail size-thumbnail\" alt=\"\" \/><\/a>\n\t\t\t<\/div><\/figure><figure class='gallery-item'>\n\t\t\t<div class='gallery-icon landscape'>\n\t\t\t\t<a href='http:\/\/arhivacomisiuniimonumentelor.ro\/?attachment_id=66799'><img loading=\"lazy\" decoding=\"async\" width=\"150\" height=\"150\" src=\"http:\/\/arhivacomisiuniimonumentelor.ro\/wp-content\/uploads\/2020\/06\/x79921877_2575932395828323_6065807901555949568_o-150x150.jpg\" class=\"attachment-thumbnail size-thumbnail\" alt=\"\" \/><\/a>\n\t\t\t<\/div><\/figure><figure class='gallery-item'>\n\t\t\t<div class='gallery-icon landscape'>\n\t\t\t\t<a href='http:\/\/arhivacomisiuniimonumentelor.ro\/?attachment_id=66800'><img loading=\"lazy\" decoding=\"async\" width=\"150\" height=\"150\" src=\"http:\/\/arhivacomisiuniimonumentelor.ro\/wp-content\/uploads\/2020\/06\/xIMG_20191218_122234-150x150.jpg\" class=\"attachment-thumbnail size-thumbnail\" alt=\"\" \/><\/a>\n\t\t\t<\/div><\/figure><figure class='gallery-item'>\n\t\t\t<div class='gallery-icon landscape'>\n\t\t\t\t<a href='http:\/\/arhivacomisiuniimonumentelor.ro\/?attachment_id=66801'><img loading=\"lazy\" decoding=\"async\" width=\"150\" height=\"150\" src=\"http:\/\/arhivacomisiuniimonumentelor.ro\/wp-content\/uploads\/2020\/06\/xIMG_20191218_122255-150x150.jpg\" class=\"attachment-thumbnail size-thumbnail\" alt=\"\" \/><\/a>\n\t\t\t<\/div><\/figure><figure class='gallery-item'>\n\t\t\t<div class='gallery-icon landscape'>\n\t\t\t\t<a href='http:\/\/arhivacomisiuniimonumentelor.ro\/?attachment_id=66802'><img loading=\"lazy\" decoding=\"async\" width=\"150\" height=\"150\" src=\"http:\/\/arhivacomisiuniimonumentelor.ro\/wp-content\/uploads\/2020\/06\/xIMG_20191218_122308-150x150.jpg\" class=\"attachment-thumbnail size-thumbnail\" alt=\"\" \/><\/a>\n\t\t\t<\/div><\/figure><figure class='gallery-item'>\n\t\t\t<div class='gallery-icon landscape'>\n\t\t\t\t<a href='http:\/\/arhivacomisiuniimonumentelor.ro\/?attachment_id=66803'><img loading=\"lazy\" decoding=\"async\" width=\"150\" height=\"150\" src=\"http:\/\/arhivacomisiuniimonumentelor.ro\/wp-content\/uploads\/2020\/06\/xIMG_20191218_123203-150x150.jpg\" class=\"attachment-thumbnail size-thumbnail\" alt=\"\" \/><\/a>\n\t\t\t<\/div><\/figure>\n\t\t<\/div>\n\n","protected":false},"excerpt":{"rendered":"<p>Back up &#8211; Valorificarea arhivei istorice a Comisiunii Monumentelor Istorice Institutul Na\u021bional al Patrimoniului a ini\u021biat un proiect multianual, cofinan\u021bat de AFCN, ce are ca scop conservarea, protejarea \u0219i valorificarea uneia dintre cele mai importante arhive istorice din Rom\u00e2nia, arhiva Comisiunii Monumentelor Istorice. In parteneriat cu Muzeul de Istorie \u201ePaul [&hellip;]<\/p>\n","protected":false},"author":1,"featured_media":66805,"parent":0,"menu_order":5,"comment_status":"closed","ping_status":"closed","template":"","meta":{"footnotes":""},"class_list":["post-43952","page","type-page","status-publish","has-post-thumbnail","hentry"],"acf":[],"yoast_head":"<!-- This site is optimized with the Yoast SEO plugin v23.4 - https:\/\/yoast.com\/wordpress\/plugins\/seo\/ -->\r\n<title>Gala\u021bi: expozi\u021bia Back Up - Valorificarea arhivei istorice a Comisiunii Monumentelor Istorice, la sediul Centrului Multicultural \u201eDun\u0103rea de Jos\u201d - Back-up. Valorificarea arhivei istorice a Comisiunii Monumentelor Istorice<\/title>\r\n<meta name=\"robots\" content=\"index, follow, max-snippet:-1, max-image-preview:large, max-video-preview:-1\" \/>\r\n<link rel=\"canonical\" href=\"http:\/\/arhivacomisiuniimonumentelor.ro\/?page_id=43952\" \/>\r\n<meta property=\"og:locale\" content=\"en_US\" \/>\r\n<meta property=\"og:type\" content=\"article\" \/>\r\n<meta property=\"og:title\" content=\"Gala\u021bi: expozi\u021bia Back Up - Valorificarea arhivei istorice a Comisiunii Monumentelor Istorice, la sediul Centrului Multicultural \u201eDun\u0103rea de Jos\u201d - Back-up. Valorificarea arhivei istorice a Comisiunii Monumentelor Istorice\" \/>\r\n<meta property=\"og:description\" content=\"Back up &#8211; Valorificarea arhivei istorice a Comisiunii Monumentelor Istorice Institutul Na\u021bional al Patrimoniului a ini\u021biat un proiect multianual, cofinan\u021bat de AFCN, ce are ca scop conservarea, protejarea \u0219i valorificarea uneia dintre cele mai importante arhive istorice din Rom\u00e2nia, arhiva Comisiunii Monumentelor Istorice. In parteneriat cu Muzeul de Istorie \u201ePaul [&hellip;]\" \/>\r\n<meta property=\"og:url\" content=\"http:\/\/arhivacomisiuniimonumentelor.ro\/?page_id=43952\" \/>\r\n<meta property=\"og:site_name\" content=\"Back-up. Valorificarea arhivei istorice a Comisiunii Monumentelor Istorice\" \/>\r\n<meta property=\"article:modified_time\" content=\"2020-06-17T06:50:44+00:00\" \/>\r\n<meta property=\"og:image\" content=\"http:\/\/arhivacomisiuniimonumentelor.ro\/wp-content\/uploads\/2020\/06\/Afis_Galati-18dec-scaled.jpg\" \/>\r\n\t<meta property=\"og:image:width\" content=\"1813\" \/>\r\n\t<meta property=\"og:image:height\" content=\"2560\" \/>\r\n\t<meta property=\"og:image:type\" content=\"image\/jpeg\" \/>\r\n<meta name=\"twitter:card\" content=\"summary_large_image\" \/>\r\n<meta name=\"twitter:label1\" content=\"Est. reading time\" \/>\n\t<meta name=\"twitter:data1\" content=\"2 minutes\" \/>\r\n<script type=\"application\/ld+json\" class=\"yoast-schema-graph\">{\"@context\":\"https:\/\/schema.org\",\"@graph\":[{\"@type\":\"WebPage\",\"@id\":\"http:\/\/arhivacomisiuniimonumentelor.ro\/?page_id=43952\",\"url\":\"http:\/\/arhivacomisiuniimonumentelor.ro\/?page_id=43952\",\"name\":\"Gala\u021bi: expozi\u021bia Back Up - Valorificarea arhivei istorice a Comisiunii Monumentelor Istorice, la sediul Centrului Multicultural \u201eDun\u0103rea de Jos\u201d - Back-up. Valorificarea arhivei istorice a Comisiunii Monumentelor Istorice\",\"isPartOf\":{\"@id\":\"http:\/\/arhivacomisiuniimonumentelor.ro\/#website\"},\"primaryImageOfPage\":{\"@id\":\"http:\/\/arhivacomisiuniimonumentelor.ro\/?page_id=43952#primaryimage\"},\"image\":{\"@id\":\"http:\/\/arhivacomisiuniimonumentelor.ro\/?page_id=43952#primaryimage\"},\"thumbnailUrl\":\"http:\/\/arhivacomisiuniimonumentelor.ro\/wp-content\/uploads\/2020\/06\/Afis_Galati-18dec-scaled.jpg\",\"datePublished\":\"2020-05-20T15:02:46+00:00\",\"dateModified\":\"2020-06-17T06:50:44+00:00\",\"breadcrumb\":{\"@id\":\"http:\/\/arhivacomisiuniimonumentelor.ro\/?page_id=43952#breadcrumb\"},\"inLanguage\":\"en-US\",\"potentialAction\":[{\"@type\":\"ReadAction\",\"target\":[\"http:\/\/arhivacomisiuniimonumentelor.ro\/?page_id=43952\"]}]},{\"@type\":\"ImageObject\",\"inLanguage\":\"en-US\",\"@id\":\"http:\/\/arhivacomisiuniimonumentelor.ro\/?page_id=43952#primaryimage\",\"url\":\"http:\/\/arhivacomisiuniimonumentelor.ro\/wp-content\/uploads\/2020\/06\/Afis_Galati-18dec-scaled.jpg\",\"contentUrl\":\"http:\/\/arhivacomisiuniimonumentelor.ro\/wp-content\/uploads\/2020\/06\/Afis_Galati-18dec-scaled.jpg\",\"width\":1813,\"height\":2560},{\"@type\":\"BreadcrumbList\",\"@id\":\"http:\/\/arhivacomisiuniimonumentelor.ro\/?page_id=43952#breadcrumb\",\"itemListElement\":[{\"@type\":\"ListItem\",\"position\":1,\"name\":\"Home\",\"item\":\"http:\/\/arhivacomisiuniimonumentelor.ro\/\"},{\"@type\":\"ListItem\",\"position\":2,\"name\":\"Gala\u021bi: expozi\u021bia Back Up &#8211; Valorificarea arhivei istorice a Comisiunii Monumentelor Istorice, la sediul Centrului Multicultural \u201eDun\u0103rea de Jos\u201d\"}]},{\"@type\":\"WebSite\",\"@id\":\"http:\/\/arhivacomisiuniimonumentelor.ro\/#website\",\"url\":\"http:\/\/arhivacomisiuniimonumentelor.ro\/\",\"name\":\"Back-up. Valorificarea arhivei istorice a Comisiunii Monumentelor Istorice\",\"description\":\"Back-up. Valorificarea arhivei istorice a Comisiunii Monumentelor Istorice\",\"publisher\":{\"@id\":\"http:\/\/arhivacomisiuniimonumentelor.ro\/#organization\"},\"potentialAction\":[{\"@type\":\"SearchAction\",\"target\":{\"@type\":\"EntryPoint\",\"urlTemplate\":\"http:\/\/arhivacomisiuniimonumentelor.ro\/?s={search_term_string}\"},\"query-input\":{\"@type\":\"PropertyValueSpecification\",\"valueRequired\":true,\"valueName\":\"search_term_string\"}}],\"inLanguage\":\"en-US\"},{\"@type\":\"Organization\",\"@id\":\"http:\/\/arhivacomisiuniimonumentelor.ro\/#organization\",\"name\":\"Institutul Na\u021bional al Patrimoniului\",\"url\":\"http:\/\/arhivacomisiuniimonumentelor.ro\/\",\"logo\":{\"@type\":\"ImageObject\",\"inLanguage\":\"en-US\",\"@id\":\"http:\/\/arhivacomisiuniimonumentelor.ro\/#\/schema\/logo\/image\/\",\"url\":\"http:\/\/arhivacomisiuniimonumentelor.ro\/wp-content\/uploads\/banner-digitizare-arhiva-istorica-scaled.jpg\",\"contentUrl\":\"http:\/\/arhivacomisiuniimonumentelor.ro\/wp-content\/uploads\/banner-digitizare-arhiva-istorica-scaled.jpg\",\"width\":2560,\"height\":675,\"caption\":\"Institutul Na\u021bional al Patrimoniului\"},\"image\":{\"@id\":\"http:\/\/arhivacomisiuniimonumentelor.ro\/#\/schema\/logo\/image\/\"}}]}<\/script>\r\n<!-- \/ Yoast SEO plugin. -->","yoast_head_json":{"title":"Gala\u021bi: expozi\u021bia Back Up - Valorificarea arhivei istorice a Comisiunii Monumentelor Istorice, la sediul Centrului Multicultural \u201eDun\u0103rea de Jos\u201d - Back-up. Valorificarea arhivei istorice a Comisiunii Monumentelor Istorice","robots":{"index":"index","follow":"follow","max-snippet":"max-snippet:-1","max-image-preview":"max-image-preview:large","max-video-preview":"max-video-preview:-1"},"canonical":"http:\/\/arhivacomisiuniimonumentelor.ro\/?page_id=43952","og_locale":"en_US","og_type":"article","og_title":"Gala\u021bi: expozi\u021bia Back Up - Valorificarea arhivei istorice a Comisiunii Monumentelor Istorice, la sediul Centrului Multicultural \u201eDun\u0103rea de Jos\u201d - Back-up. Valorificarea arhivei istorice a Comisiunii Monumentelor Istorice","og_description":"Back up &#8211; Valorificarea arhivei istorice a Comisiunii Monumentelor Istorice Institutul Na\u021bional al Patrimoniului a ini\u021biat un proiect multianual, cofinan\u021bat de AFCN, ce are ca scop conservarea, protejarea \u0219i valorificarea uneia dintre cele mai importante arhive istorice din Rom\u00e2nia, arhiva Comisiunii Monumentelor Istorice. In parteneriat cu Muzeul de Istorie \u201ePaul [&hellip;]","og_url":"http:\/\/arhivacomisiuniimonumentelor.ro\/?page_id=43952","og_site_name":"Back-up. Valorificarea arhivei istorice a Comisiunii Monumentelor Istorice","article_modified_time":"2020-06-17T06:50:44+00:00","og_image":[{"width":1813,"height":2560,"url":"http:\/\/arhivacomisiuniimonumentelor.ro\/wp-content\/uploads\/2020\/06\/Afis_Galati-18dec-scaled.jpg","type":"image\/jpeg"}],"twitter_card":"summary_large_image","twitter_misc":{"Est. reading time":"2 minutes"},"schema":{"@context":"https:\/\/schema.org","@graph":[{"@type":"WebPage","@id":"http:\/\/arhivacomisiuniimonumentelor.ro\/?page_id=43952","url":"http:\/\/arhivacomisiuniimonumentelor.ro\/?page_id=43952","name":"Gala\u021bi: expozi\u021bia Back Up - Valorificarea arhivei istorice a Comisiunii Monumentelor Istorice, la sediul Centrului Multicultural \u201eDun\u0103rea de Jos\u201d - Back-up. Valorificarea arhivei istorice a Comisiunii Monumentelor Istorice","isPartOf":{"@id":"http:\/\/arhivacomisiuniimonumentelor.ro\/#website"},"primaryImageOfPage":{"@id":"http:\/\/arhivacomisiuniimonumentelor.ro\/?page_id=43952#primaryimage"},"image":{"@id":"http:\/\/arhivacomisiuniimonumentelor.ro\/?page_id=43952#primaryimage"},"thumbnailUrl":"http:\/\/arhivacomisiuniimonumentelor.ro\/wp-content\/uploads\/2020\/06\/Afis_Galati-18dec-scaled.jpg","datePublished":"2020-05-20T15:02:46+00:00","dateModified":"2020-06-17T06:50:44+00:00","breadcrumb":{"@id":"http:\/\/arhivacomisiuniimonumentelor.ro\/?page_id=43952#breadcrumb"},"inLanguage":"en-US","potentialAction":[{"@type":"ReadAction","target":["http:\/\/arhivacomisiuniimonumentelor.ro\/?page_id=43952"]}]},{"@type":"ImageObject","inLanguage":"en-US","@id":"http:\/\/arhivacomisiuniimonumentelor.ro\/?page_id=43952#primaryimage","url":"http:\/\/arhivacomisiuniimonumentelor.ro\/wp-content\/uploads\/2020\/06\/Afis_Galati-18dec-scaled.jpg","contentUrl":"http:\/\/arhivacomisiuniimonumentelor.ro\/wp-content\/uploads\/2020\/06\/Afis_Galati-18dec-scaled.jpg","width":1813,"height":2560},{"@type":"BreadcrumbList","@id":"http:\/\/arhivacomisiuniimonumentelor.ro\/?page_id=43952#breadcrumb","itemListElement":[{"@type":"ListItem","position":1,"name":"Home","item":"http:\/\/arhivacomisiuniimonumentelor.ro\/"},{"@type":"ListItem","position":2,"name":"Gala\u021bi: expozi\u021bia Back Up &#8211; Valorificarea arhivei istorice a Comisiunii Monumentelor Istorice, la sediul Centrului Multicultural \u201eDun\u0103rea de Jos\u201d"}]},{"@type":"WebSite","@id":"http:\/\/arhivacomisiuniimonumentelor.ro\/#website","url":"http:\/\/arhivacomisiuniimonumentelor.ro\/","name":"Back-up. Valorificarea arhivei istorice a Comisiunii Monumentelor Istorice","description":"Back-up. Valorificarea arhivei istorice a Comisiunii Monumentelor Istorice","publisher":{"@id":"http:\/\/arhivacomisiuniimonumentelor.ro\/#organization"},"potentialAction":[{"@type":"SearchAction","target":{"@type":"EntryPoint","urlTemplate":"http:\/\/arhivacomisiuniimonumentelor.ro\/?s={search_term_string}"},"query-input":{"@type":"PropertyValueSpecification","valueRequired":true,"valueName":"search_term_string"}}],"inLanguage":"en-US"},{"@type":"Organization","@id":"http:\/\/arhivacomisiuniimonumentelor.ro\/#organization","name":"Institutul Na\u021bional al Patrimoniului","url":"http:\/\/arhivacomisiuniimonumentelor.ro\/","logo":{"@type":"ImageObject","inLanguage":"en-US","@id":"http:\/\/arhivacomisiuniimonumentelor.ro\/#\/schema\/logo\/image\/","url":"http:\/\/arhivacomisiuniimonumentelor.ro\/wp-content\/uploads\/banner-digitizare-arhiva-istorica-scaled.jpg","contentUrl":"http:\/\/arhivacomisiuniimonumentelor.ro\/wp-content\/uploads\/banner-digitizare-arhiva-istorica-scaled.jpg","width":2560,"height":675,"caption":"Institutul Na\u021bional al Patrimoniului"},"image":{"@id":"http:\/\/arhivacomisiuniimonumentelor.ro\/#\/schema\/logo\/image\/"}}]}},"_links":{"self":[{"href":"http:\/\/arhivacomisiuniimonumentelor.ro\/index.php?rest_route=\/wp\/v2\/pages\/43952"}],"collection":[{"href":"http:\/\/arhivacomisiuniimonumentelor.ro\/index.php?rest_route=\/wp\/v2\/pages"}],"about":[{"href":"http:\/\/arhivacomisiuniimonumentelor.ro\/index.php?rest_route=\/wp\/v2\/types\/page"}],"author":[{"embeddable":true,"href":"http:\/\/arhivacomisiuniimonumentelor.ro\/index.php?rest_route=\/wp\/v2\/users\/1"}],"replies":[{"embeddable":true,"href":"http:\/\/arhivacomisiuniimonumentelor.ro\/index.php?rest_route=%2Fwp%2Fv2%2Fcomments&post=43952"}],"version-history":[{"count":0,"href":"http:\/\/arhivacomisiuniimonumentelor.ro\/index.php?rest_route=\/wp\/v2\/pages\/43952\/revisions"}],"wp:featuredmedia":[{"embeddable":true,"href":"http:\/\/arhivacomisiuniimonumentelor.ro\/index.php?rest_route=\/wp\/v2\/media\/66805"}],"wp:attachment":[{"href":"http:\/\/arhivacomisiuniimonumentelor.ro\/index.php?rest_route=%2Fwp%2Fv2%2Fmedia&parent=43952"}],"curies":[{"name":"wp","href":"https:\/\/api.w.org\/{rel}","templated":true}]}}